m - -1. What is the remainder when 13 is divided by (-86)/(-12) - g/12?
6
Let s(o) = o - 5. Let z be s(8). Suppose 0 = -z*r + 5*n + 50 + 4, -58 = -2*r - 4*n. What is the remainder when r is divided by (-108)/26 + 8/52 - -10?
5
Let i be (18/(-15))/(3/15). Let d be (16/i)/(12/(-18)). Suppose -2 = -4*t + 2, 4*t + 204 = d*y. Calculate the remainder when y is divided by 18.
16
Suppose 2*j = 22 + 28. Suppose 6 = -0*g + 3*g. Suppose -g*a - 3*a = -45. What is the remainder when j is divided by a?
7
Suppose -8 = -3*i + 43. What is the remainder when 65 is divided by i?
14
Let v(f) = 7*f**3 + 8*f + 2 + 3 - 8*f**3 + 5*f**2. Calculate the remainder when 49 is divided by v(6).
15
Let d(y) be the second derivative of -y**4/12 - 7*y**3/3 - 11*y**2/2 - y. Calculate the remainder when d(-10) is divided by 16.
13
Suppose 0 = 2*p - 6*p + 156. Calculate the remainder when p is divided by 21.
18
Let a = 225 - 134. Suppose 2*t - 1 = 9, 2*s - 71 = -5*t. Calculate the remainder when a is divided by s.
22
Let i(f) = -f**3 - 5*f**2 + 3*f - 6. Let v be i(-5). Let b be 6/v - (-4)/14. Suppose -2*j + j + 9 = b. Calculate the remainder when 16 is divided by j.
7
Let r(z) = -z**3 - 6*z**2 - 4*z + 1. Let d(f) = f + 1. Let w be d(4). Suppose -9 = w*v + 21. What is the remainder when r(v) is divided by 13?
12
Suppose 0 = 4*f - s - 185, 4*f + s + 3 = 186. What is the remainder when f is divided by 16?
14
Let p(b) be the second derivative of 9*b**4/4 + b**2/2 - b. What is the remainder when p(1) is divided by 15?
13
Suppose 3*a - 75 = -z + 81, -5*a = -z - 252. What is the remainder when a is divided by (-6)/(-2) + 46/2?
25
Let q = -7 - -9. Suppose 0 = -4*d - m + 56, 2*m = q*d + 5*m - 28. What is the remainder when 55 is divided by d?
13
Let v(j) = -j + 3. Suppose -n - 2*n = -36. Let c = 20 - n. Calculate the remainder when c is divided by v(0).
2
Let a(c) = 2*c - 9. Suppose -d = -9 + 4. Calculate the remainder when (-44)/d*(-4 - 1) is divided by a(12).
14
Suppose 5 = j + 2. Suppose -j*m = -5*b + 157, 0*m = -4*m - 2*b - 166. What is the remainder when 46 is divided by -3*(2 + m/6)?
14
Let k = -23 - -39. Suppose 0 = b - 3*v + 7, 2*b + v = 6*b + 72. Let o = -10 - b. What is the remainder when k is divided by o?
7
Let i(y) = y + 2. Let t be i(2). Suppose k - 4*o - 34 = 0, 3*k + 10 = 4*k + t*o. What is the remainder when k is divided by 8?
6
Let v = -52 + 17. Let n = 4 - 24. Let m = n - v. Calculate the remainder when 44 is divided by m.
14
Let a = 26 + 11. What is the remainder when a is divided by (-2)/(56/(-26) - -2)?
11
Let m = 10 + -8. Suppose m*q - 6 = -0*q. Suppose -s = 3*a - q, 2*s + a + 2*a - 9 = 0. Calculate the remainder when 17 is divided by s.
5
Suppose -6 = -3*f + 6. Calculate the remainder when 25 is divided by f.
1
What is the remainder when 101 is divided by (-455)/(-10)*(-8)/(-14)?
23
Let d = 6 + -4. Let r(p) = p**3 + 2*p**2 - 4*p + 3. Calculate the remainder when 31 is divided by r(d).
9
Suppose 32 = 4*a - 32. Calculate the remainder when a is divided by 3.
1
Calculate the remainder when 158 is divided by (((-350)/(-6))/(-5) + 4)*-3.
20
Let m = -7 - -9. Suppose -r + m*g = -2*g - 3, -g = 2*r - 24. Calculate the remainder when 41 is divided by r.
8
Suppose 15*j = 17*j - 30. Let q(k) = -k**2 - 10*k - 3. Let r be q(-4). Let g = r - -22. Calculate the remainder when g is divided by j.
13
Let q(r) = r**2 - 2*r + 1. Let x(l) = l**2 + 6*l + 4. What is the remainder when q(4) is divided by x(-6)?
1
Suppose -218 = -3*g + s - 47, -2*s = 4*g - 228. Suppose -4*z + g = -z. Calculate the remainder when z is divided by 7.
5
What is the remainder when (-10)/(-35) - (-1392)/28 is divided by 9?
5
What is the remainder when 22 is divided by 2 + (-3 + 13)/1?
10
Let q(d) = -d**3 + 8*d**2 + 3*d + 4. Suppose -88 - 40 = -5*k - c, -2*c = 3*k - 81. Calculate the remainder when q(7) is divided by k.
24
Suppose -14*u = 131 - 719. Calculate the remainder when 335 is divided by u.
41
Suppose 3*h + 2*h + 12 = 2*w, -5*h = 0. Suppose 2 = a - w. What is the remainder when 13 is divided by a?
5
Let p = 1 - -1. Suppose -p*d - 132 = -6*d. Calculate the remainder when d is divided by 12.
9
Let l(t) = 5*t**3 - 4*t**2 - t - 2. What is the remainder when 55 is divided by l(2)?
15
Let u(a) = -8*a - 4. Calculate the remainder when u(-3) is divided by 12.
8
Let j = 221 + -195. Calculate the remainder when 179 is divided by j.
23
Suppose v = -3*c + 2*c + 27, -4*v + 33 = c. What is the remainder when 72 is divided by c?
22
Let g(q) = 11*q - 7. What is the remainder when g(11) is divided by 39?
36
Let u(l) = 2*l**2 + 2*l - 12. What is the remainder when 51 is divided by u(3)?
3
Let v = 336 - 159. Calculate the remainder when v is divided by 36.
33
Suppose 4*m - 76 = -4*r, 3*m + 6*r - 77 = 7*r. What is the remainder when 143 is divided by m?
23
Suppose -5*d - 15 = -5*s, -3 = -2*s + d + 2*d. Calculate the remainder when 14 is divided by s.
2
Let d = 4 - -33. Suppose -a = 6*z - z - 62, z + 2*a - 7 = 0. What is the remainder when d is divided by z?
11
Suppose -3*g + 4*w + 39 = 0, 2*w - 21 + 54 = 3*g. Calculate the remainder when 22 is divided by g.
4
Let s(q) be the third derivative of -q**4/12 - q**3 - 3*q**2. Let y be s(-4). What is the remainder when 5 is divided by (-9)/(-15)*10/y?
2
Let r = -7 + 11. Calculate the remainder when 2/(3 - (-124)/(-44)) is divided by r.
3
Suppose -145 = -8*t + 183. What is the remainder when 163 is divided by t?
40
What is the remainder when (2/(-6))/((-2)/84) is divided by 8?
6
Let q(k) = 22*k + 4. Let h be q(8). Suppose 5*a - 2*a = h. What is the remainder when a is divided by 21?
18
Suppose u + 4*u - 211 = 4*s, 5*u = -2*s + 187. Let b = -131 + 73. Calculate the remainder when u is divided by b/(-3) + (-2)/(-3).
19
Let b(l) = 2*l + 2*l - 6 - 5*l - 3. Let j(f) = 2*f + 18. Let o(x) = 5*b(x) + 3*j(x). What is the remainder when o(-8) is divided by 1?
0
Let b = 37 - 25. Suppose 4*g = -0*g + 84. Suppose 32 = p + 3*s, 4*s + 36 + g = 3*p. What is the remainder when p is divided by b?
11
Let x be ((-5)/(-1))/(3 + -2). Suppose -x*d - q + 24 + 50 = 0, 3*d + q - 46 = 0. What is the remainder when 54/2 + (-3 - -3) is divided by d?
13
Calculate the remainder when 24 is divided by (-985)/(-75) + 6/(-45).
11
Let z = -11 + -14. What is the remainder when (z/2)/(2/(-4)) is divided by 9?
7
Let b = 29 - 18. Suppose 0 = 3*z + z - 24. Calculate the remainder when b is divided by z.
5
Suppose -w + 25 = -16. Suppose 0 = -2*a + 2 + 26. Calculate the remainder when w is divided by a.
13
Calculate the remainder when ((-15)/(-45))/(1/423) is divided by 36.
33
Let o(b) = -b**2 + 9*b - 6. Suppose -h = 5*n + 6, 2*n - 2*h + 4*h - 4 = 0. Calculate the remainder when (-79)/(-3) - n/3 is divided by o(4).
13
Let q(y) = -y**3 + 6*y**2 + 8*y + 5. Calculate the remainder when 23 is divided by q(7).
11
Let s(j) = -j**3 + j + 27. Calculate the remainder when s(0) is divided by 7.
6
Suppose 0 = -y - 3*y. Let a = 11 + y. Calculate the remainder when 31 is divided by a.
9
Suppose -8 = 2*m - 3*m. Calculate the remainder when m is divided by (-2)/((-8)/6 + (-6)/(-9)).
2
Suppose 3*m - 55 = 14. Let t = 31 + 14. Calculate the remainder when t is divided by m.
22
Let a(r) be the second derivative of -1/6*r**3 - r**2 + 0 + 2*r. Calculate the remainder when 8 is divided by a(-7).
3
Let r be 80 - (-5 + 2 + 3). Let u = r - 26. What is the remainder when u is divided by (-118)/(-6) + 12/(-18)?
16
Let y(m) = -3*m. What is the remainder when 1*-2*1 + 36 is divided by y(-6)?
16
Suppose -6*y + 3*y + 39 = 0. Let t be (-3)/(-18) + 22/12. Suppose -4*u - 2*v - v = -85, -v + 45 = t*u. What is the remainder when u is divided by y?
12
Let q(a) = 16*a**2. Suppose 0*y + 3 = 3*y - 5*g, 4*y = 5*g + 4. Let k = -2 + y. What is the remainder when q(k) is divided by 9?
7
Suppose 3*t = -t + 52. What is the remainder when 190/15*(2 + 1) is divided by t?
12
Suppose 7*k = 3*k + 104. Suppose h - k = 39. What is the remainder when h is divided by 432/18 - 1*2?
21
Let a be (-4)/((-1)/((-3)/(-6))). Calculate the remainder when (0 - 111/(-6))*a is divided by 10.
7
Suppose 0 = 2*y + 3*y - 1560. What is the remainder when y is divided by 35?
32
Let o = 64 + -39. Calculate the remainder when o is divided by 7.
4
What is the remainder when 87 is divided by ((-3